{"id":123,"date":"2023-07-20T12:03:11","date_gmt":"2023-07-20T10:03:11","guid":{"rendered":"https:\/\/biegetechnik-kuenne.de\/wp622\/?page_id=123"},"modified":"2023-07-20T13:49:34","modified_gmt":"2023-07-20T11:49:34","slug":"ueber-uns","status":"publish","type":"page","link":"https:\/\/biegetechnik-kuenne.de\/wp622\/ueber-uns\/","title":{"rendered":"\u00dcber uns"},"content":{"rendered":"<div data-colibri-id=\"123-c1\" class=\"style-217 style-local-123-c1 position-relative\">\n  <!---->\n  <div data-colibri-component=\"section\" data-colibri-id=\"123-c2\" id=\"about\" class=\"h-section h-section-global-spacing d-flex align-items-lg-center align-items-md-center align-items-center style-218 style-local-123-c2 position-relative\">\n    <!---->\n    <!---->\n    <div class=\"h-section-grid-container h-section-boxed-container\">\n      <div data-colibri-id=\"123-c7\" class=\"h-row-container gutters-row-lg-2 gutters-row-md-2 gutters-row-2 gutters-row-v-lg-2 gutters-row-v-md-2 gutters-row-v-2 style-223 style-local-123-c7 position-relative\">\n        <!---->\n        <div class=\"h-row justify-content-lg-center justify-content-md-center justify-content-center align-items-lg-stretch align-items-md-stretch align-items-stretch gutters-col-lg-2 gutters-col-md-2 gutters-col-2 gutters-col-v-lg-2 gutters-col-v-md-2 gutters-col-v-2\">\n          <!---->\n          <div class=\"h-column h-column-container d-flex h-col-lg-auto h-col-md-auto h-col-auto style-224-outer style-local-123-c8-outer\">\n            <div data-colibri-id=\"123-c8\" class=\"d-flex h-flex-basis h-column__inner h-px-lg-2 h-px-md-2 h-px-2 v-inner-lg-2 v-inner-md-2 v-inner-2 style-224 style-local-123-c8 position-relative\">\n              <!---->\n              <!---->\n              <div class=\"w-100 h-y-container h-column__content h-column__v-align flex-basis-100 align-self-lg-start align-self-md-start align-self-start\">\n                <!---->\n                <div data-colibri-id=\"123-c9\" class=\"h-global-transition-all h-heading style-225 style-local-123-c9 position-relative h-element\">\n                  <!---->\n                  <div class=\"h-heading__outer style-225 style-local-123-c9\">\n                    <!---->\n                    <!---->\n                    <h5 class=\"\">Einzelst\u00fccke oder Serienproduktion, wir machen es m\u00f6glich.<\/h5>\n                  <\/div>\n                <\/div>\n                <div data-colibri-id=\"123-c10\" class=\"h-global-transition-all h-heading style-226 style-local-123-c10 position-relative h-element\">\n                  <!---->\n                  <div class=\"h-heading__outer style-226 style-local-123-c10\">\n                    <!---->\n                    <!---->\n                    <h2 class=\"\">Mehr als <em style=\"color: rgb(3, 169, 244); font-family: &quot;Playfair Display&quot;;\">30 Jahre<\/em>&nbsp;Erfahrung bilden die Grundlage unserer <em style=\"color: rgb(3, 169, 244); font-family: &quot;Playfair Display&quot;;\">Arbeit<\/em>.<\/h2>\n                  <\/div>\n                <\/div>\n                <div data-colibri-id=\"123-c11\" class=\"h-lead h-text h-text-component style-227 style-local-123-c11 position-relative h-element\">\n                  <!---->\n                  <!---->\n                  <div class=\"\">\n                    <p>Dabei liegt unsere St\u00e4rke auf der Vielzahl von Rohren und Profilen die wir verformen k\u00f6nnen.Unser Team arbeitet stets daran Ihre Projekte termingerecht und mit einem hohen Ma\u00df an Qualit\u00e4t umzusetzen.<\/p>\n                  <\/div>\n                <\/div>\n                <div data-colibri-id=\"123-c12\" class=\"h-x-container style-228 style-local-123-c12 position-relative h-element\">\n                  <!---->\n                  <div class=\"h-x-container-inner style-dynamic-123-c12-group style-228-spacing style-local-123-c12-spacing\"><span class=\"h-button__outer style-229-outer style-local-123-c13-outer d-inline-flex h-element\"><a h-use-smooth-scroll=\"true\" href=\"https:\/\/biegetechnik-kuenne.de\/wp622\/leistungen\/\"  data-colibri-id=\"123-c13\" class=\"d-flex w-100 align-items-center h-button justify-content-lg-center justify-content-md-center justify-content-center style-229 style-local-123-c13 position-relative\"><!----><!----> <span>Leistungen<\/span><\/a>\n                    <\/span>\n                  <\/div>\n                <\/div>\n              <\/div>\n            <\/div>\n          <\/div>\n        <\/div>\n      <\/div>\n      <div data-colibri-id=\"123-c3\" class=\"h-row-container gutters-row-lg-0 gutters-row-md-0 gutters-row-0 gutters-row-v-lg-0 gutters-row-v-md-0 gutters-row-v-0 style-219 style-local-123-c3 h-overflow-hidden position-relative\">\n        <!---->\n        <div class=\"h-row justify-content-lg-center justify-content-md-center justify-content-center align-items-lg-end align-items-md-end align-items-end gutters-col-lg-0 gutters-col-md-0 gutters-col-0 gutters-col-v-lg-0 gutters-col-v-md-0 gutters-col-v-0\">\n          <!---->\n          <div class=\"h-column h-column-container d-flex h-col-lg-auto h-col-md-auto h-col-auto align-self-lg-end align-self-md-end align-self-end style-220-outer style-local-123-c4-outer\">\n            <div data-colibri-id=\"123-c4\" class=\"d-flex h-flex-basis h-column__inner h-ui-empty-state-container h-px-lg-0 h-px-md-0 h-px-0 v-inner-lg-0 v-inner-md-0 v-inner-0 style-220 style-local-123-c4 position-relative\">\n              <!---->\n              <!---->\n              <div class=\"w-100 h-y-container h-column__content h-column__v-align flex-basis-100\">\n                <!---->\n              <\/div>\n            <\/div>\n          <\/div>\n          <div class=\"h-column h-column-container d-flex h-col-lg-auto h-col-md-auto h-col-auto align-self-lg-end align-self-md-end align-self-end style-221-outer style-local-123-c5-outer\">\n            <div data-colibri-id=\"123-c5\" class=\"d-flex h-flex-basis h-column__inner h-ui-empty-state-container h-px-lg-0 h-px-md-0 h-px-0 v-inner-lg-0 v-inner-md-0 v-inner-0 style-221 style-local-123-c5 position-relative\">\n              <!---->\n              <!---->\n              <div class=\"w-100 h-y-container h-column__content h-column__v-align flex-basis-100\">\n                <!---->\n              <\/div>\n            <\/div>\n          <\/div>\n          <div class=\"h-column h-column-container d-flex h-col-lg-auto h-col-md-auto h-col-auto align-self-lg-end align-self-md-end align-self-end style-222-outer style-local-123-c6-outer\">\n            <div data-colibri-id=\"123-c6\" class=\"d-flex h-flex-basis h-column__inner h-ui-empty-state-container h-px-lg-0 h-px-md-0 h-px-0 v-inner-lg-0 v-inner-md-0 v-inner-0 style-222 style-local-123-c6 position-relative\">\n              <!---->\n              <!---->\n              <div class=\"w-100 h-y-container h-column__content h-column__v-align flex-basis-100\">\n                <!---->\n              <\/div>\n            <\/div>\n          <\/div>\n        <\/div>\n      <\/div>\n      <div data-colibri-id=\"123-c14\" class=\"h-row-container gutters-row-lg-2 gutters-row-md-2 gutters-row-0 gutters-row-v-lg-2 gutters-row-v-md-2 gutters-row-v-2 style-230 style-local-123-c14 position-relative\">\n        <!---->\n        <div class=\"h-row justify-content-lg-center justify-content-md-center justify-content-center align-items-lg-stretch align-items-md-stretch align-items-stretch gutters-col-lg-2 gutters-col-md-2 gutters-col-0 gutters-col-v-lg-2 gutters-col-v-md-2 gutters-col-v-2\">\n          <!---->\n          <div class=\"h-column h-column-container d-flex h-col-lg-auto h-col-md-auto h-col-auto style-231-outer style-local-123-c15-outer\">\n            <div data-colibri-id=\"123-c15\" class=\"d-flex h-flex-basis h-column__inner h-px-lg-2 h-px-md-2 h-px-2 v-inner-lg-2 v-inner-md-2 v-inner-2 style-231 style-local-123-c15 position-relative\">\n              <!---->\n              <!---->\n              <div class=\"w-100 h-y-container h-column__content h-column__v-align flex-basis-100 align-self-lg-start align-self-md-start align-self-start\">\n                <!---->\n                <div data-colibri-id=\"123-c16\" class=\"h-text h-text-component style-232 style-local-123-c16 position-relative h-element\">\n                  <!---->\n                  <!---->\n                  <div class=\"\">\n                    <p>1986 wurde das Unternehmen von Winfried K\u00fcnne als Einzelunternehmen gegr\u00fcndet. Der Schmiedemeister aus Leidenschaft kann auf eine langj\u00e4hrige Firmentradition und der damit verbundenen Erfahrung zur\u00fcckblicken. Anf\u00e4nglich im Kunstschmiedehandwerk\n                      angesiedelt, entwickelte sich das Unternehmen im Bereich der Metallbearbeitung immer weiter. Neben Kunden aus dem Privatsektor und der \u00f6ffentlichen Hand, kamen auch immer mehr Industriekunden dazu. So konzentrierte sich das Unternehmen\n                      ab 1999 zunehmend auf das Rohr- und Profilbiegen und stellte neben individuellen Einzelteilen auch immer mehr spezielle Serienprodukte her.<\/p>\n                    <p>Das Angebot im Bereich der Fertigung wurde im Laufe der Jahre immer weiter ausgebaut und komplettiert. Dem Kunden stehen heute \u00fcber 20 verschiedene Maschinen zur Verformung von Rohren- und Profilen zur Verf\u00fcgung.<\/p>\n                    <p>Im Jahr 2022 fand im Zuge der Betriebs\u00fcbergabe an seine S\u00f6hne eine Umfirmierung statt. Aus der Einzelfirma \u201eProfil-Rohr-Biegeservice Winfried K\u00fcnne\u201c wurde die \u201eMetall- und Biegetechnik K\u00fcnne GmbH\u201c. Zun\u00e4chst als alleiniger Gesch\u00e4ftsf\u00fchrer\n                      gegr\u00fcndet, \u00fcbergab Winfried K\u00fcnne zum 1. Januar 2023 die Gesch\u00e4ftsf\u00fchrung an seine S\u00f6hne Alexander und Tobias K\u00fcnne, die nun das Familienunternehmen weiterf\u00fchren.<\/p>\n                  <\/div>\n                <\/div>\n              <\/div>\n            <\/div>\n          <\/div>\n        <\/div>\n      <\/div>\n    <\/div>\n  <\/div>\n<\/div>","protected":false},"excerpt":{"rendered":"<p>Einzelst\u00fccke oder Serienproduktion, wir machen es m\u00f6glich. Mehr als 30 Jahre&nbsp;Erfahrung bilden die Grundlage unserer Arbeit. Dabei liegt unsere St\u00e4rke auf der Vielzahl von Rohren und Profilen die wir verformen k\u00f6nnen.Unser Team arbeitet stets daran Ihre Projekte termingerecht und mit einem hohen Ma\u00df an Qualit\u00e4t umzusetzen. Leistungen 1986 wurde das Unternehmen von Winfried K\u00fcnne als [&hellip;]<\/p>\n","protected":false},"author":1,"featured_media":0,"parent":0,"menu_order":10,"comment_status":"closed","ping_status":"closed","template":"page-templates\/full-width-page.php","meta":{"footnotes":""},"class_list":["post-123","page","type-page","status-publish","hentry"],"_links":{"self":[{"href":"https:\/\/biegetechnik-kuenne.de\/wp622\/wp-json\/wp\/v2\/pages\/123","targetHints":{"allow":["GET"]}}],"collection":[{"href":"https:\/\/biegetechnik-kuenne.de\/wp622\/wp-json\/wp\/v2\/pages"}],"about":[{"href":"https:\/\/biegetechnik-kuenne.de\/wp622\/wp-json\/wp\/v2\/types\/page"}],"author":[{"embeddable":true,"href":"https:\/\/biegetechnik-kuenne.de\/wp622\/wp-json\/wp\/v2\/users\/1"}],"replies":[{"embeddable":true,"href":"https:\/\/biegetechnik-kuenne.de\/wp622\/wp-json\/wp\/v2\/comments?post=123"}],"version-history":[{"count":3,"href":"https:\/\/biegetechnik-kuenne.de\/wp622\/wp-json\/wp\/v2\/pages\/123\/revisions"}],"predecessor-version":[{"id":195,"href":"https:\/\/biegetechnik-kuenne.de\/wp622\/wp-json\/wp\/v2\/pages\/123\/revisions\/195"}],"wp:attachment":[{"href":"https:\/\/biegetechnik-kuenne.de\/wp622\/wp-json\/wp\/v2\/media?parent=123"}],"curies":[{"name":"wp","href":"https:\/\/api.w.org\/{rel}","templated":true}]}}