{"id":39,"date":"2023-07-20T11:18:51","date_gmt":"2023-07-20T09:18:51","guid":{"rendered":"https:\/\/biegetechnik-kuenne.de\/wp622\/brite\/"},"modified":"2023-07-20T16:11:00","modified_gmt":"2023-07-20T14:11:00","slug":"brite","status":"publish","type":"page","link":"https:\/\/biegetechnik-kuenne.de\/wp622\/","title":{"rendered":"Front Page"},"content":{"rendered":"<div data-colibri-id=\"39-c1\" class=\"style-257 style-local-39-c1 position-relative\">\n  <!---->\n  <div data-colibri-component=\"section\" data-colibri-id=\"39-c2\" id=\"content\" class=\"h-section h-section-global-spacing d-flex align-items-lg-center align-items-md-center align-items-center style-258 style-local-39-c2 position-relative\">\n    <!---->\n    <!---->\n    <div class=\"h-section-grid-container h-section-boxed-container\">\n      <div data-colibri-id=\"39-c6\" class=\"h-row-container gutters-row-lg-2 gutters-row-md-2 gutters-row-2 gutters-row-v-lg-2 gutters-row-v-md-2 gutters-row-v-2 style-262 style-local-39-c6 position-relative\">\n        <!---->\n        <div class=\"h-row justify-content-lg-center justify-content-md-center justify-content-center align-items-lg-stretch align-items-md-stretch align-items-stretch gutters-col-lg-2 gutters-col-md-2 gutters-col-2 gutters-col-v-lg-2 gutters-col-v-md-2 gutters-col-v-2\">\n          <!---->\n          <div class=\"h-column h-column-container d-flex h-col-lg-auto h-col-md-auto h-col-auto style-263-outer style-local-39-c7-outer\">\n            <div data-colibri-id=\"39-c7\" class=\"d-flex h-flex-basis h-column__inner h-px-lg-2 h-px-md-2 h-px-0 v-inner-lg-2 v-inner-md-2 v-inner-0 style-263 style-local-39-c7 position-relative\">\n              <!---->\n              <!---->\n              <div class=\"w-100 h-y-container h-column__content h-column__v-align flex-basis-100 align-self-lg-start align-self-md-start align-self-start\">\n                <!---->\n                <div data-colibri-id=\"39-c8\" class=\"h-global-transition-all h-heading style-264 style-local-39-c8 position-relative h-element\">\n                  <!---->\n                  <div class=\"h-heading__outer style-264 style-local-39-c8\">\n                    <!---->\n                    <!---->\n                    <h2 class=\"\">Herzlich Willkommen bei der Metall- und Biegetechnik K\u00fcnne GmbH<\/h2>\n                  <\/div>\n                <\/div>\n                <div data-colibri-id=\"39-c9\" class=\"h-lead h-text h-text-component style-265 style-local-39-c9 position-relative h-element\">\n                  <!---->\n                  <!---->\n                  <div class=\"\">\n                    <p>Mehr als 30 Jahre Erfahrung bilden die Grundlage unserer Arbeit. Dabei liegt unsere St\u00e4rke auf der Vielzahl von Rohren und Profilen die wir verformen k\u00f6nnen. Unser Team arbeitet stets daran Ihre Projekte termingerecht und mit einem\n                      hohen Ma\u00df an Qualit\u00e4t umzusetzen. Ob Einzelst\u00fccke oder Serienproduktion, wir machen es m\u00f6glich.<\/p>\n                  <\/div>\n                <\/div>\n              <\/div>\n            <\/div>\n          <\/div>\n        <\/div>\n      <\/div>\n      <div data-colibri-id=\"39-c3\" class=\"h-row-container gutters-row-lg-2 gutters-row-md-2 gutters-row-2 gutters-row-v-lg-2 gutters-row-v-md-2 gutters-row-v-2 style-259 style-local-39-c3 position-relative\">\n        <!---->\n        <div class=\"h-row justify-content-lg-center justify-content-md-center justify-content-center align-items-lg-stretch align-items-md-stretch align-items-stretch gutters-col-lg-2 gutters-col-md-2 gutters-col-2 gutters-col-v-lg-2 gutters-col-v-md-2 gutters-col-v-2\">\n          <!---->\n          <div class=\"h-column h-column-container d-flex h-col-lg-auto h-col-md-auto h-col-auto style-260-outer style-local-39-c4-outer\">\n            <div data-colibri-id=\"39-c4\" class=\"d-flex h-flex-basis h-column__inner h-px-lg-0 h-px-md-0 h-px-0 v-inner-lg-0 v-inner-md-0 v-inner-0 style-260 style-local-39-c4 position-relative\">\n              <!---->\n              <!---->\n              <div class=\"w-100 h-y-container h-column__content h-column__v-align flex-basis-100 align-self-lg-start align-self-md-start align-self-start\">\n                <!---->\n                <div data-colibri-id=\"39-c10\" class=\"d-block style-266 style-local-39-c10 position-relative h-element\">\n                  <!---->\n                  <div class=\"h-image__frame-container-outer\">\n                    <div class=\"h-image__frame-container\">\n                      <!---->\n                      <!---->\n                      <img loading=\"lazy\" decoding=\"async\" width=\"2000\" height=\"1500\" src=\"https:\/\/biegetechnik-kuenne.de\/wp622\/wp-content\/uploads\/2023\/07\/WhatsApp-Image-2023-07-11-at-20.17.35.jpeg\" class=\"wp-image-216 style-266-image style-local-39-c10-image\" alt=\"\" srcset=\"https:\/\/biegetechnik-kuenne.de\/wp622\/wp-content\/uploads\/2023\/07\/WhatsApp-Image-2023-07-11-at-20.17.35.jpeg 2000w, https:\/\/biegetechnik-kuenne.de\/wp622\/wp-content\/uploads\/2023\/07\/WhatsApp-Image-2023-07-11-at-20.17.35-300x225.jpeg 300w, https:\/\/biegetechnik-kuenne.de\/wp622\/wp-content\/uploads\/2023\/07\/WhatsApp-Image-2023-07-11-at-20.17.35-1024x768.jpeg 1024w, https:\/\/biegetechnik-kuenne.de\/wp622\/wp-content\/uploads\/2023\/07\/WhatsApp-Image-2023-07-11-at-20.17.35-768x576.jpeg 768w, https:\/\/biegetechnik-kuenne.de\/wp622\/wp-content\/uploads\/2023\/07\/WhatsApp-Image-2023-07-11-at-20.17.35-1536x1152.jpeg 1536w\" sizes=\"auto, (max-width: 2000px) 100vw, 2000px\" \/>\n                      <div class=\"h-image__frame h-hide-lg h-hide-md h-hide-sm style-266-frameImage style-local-39-c10-frameImage\"><\/div>\n                    <\/div>\n                  <\/div>\n                <\/div>\n              <\/div>\n            <\/div>\n          <\/div>\n        <\/div>\n      <\/div>\n    <\/div>\n  <\/div>\n<\/div>","protected":false},"excerpt":{"rendered":"<p>Herzlich Willkommen bei der Metall- und Biegetechnik K\u00fcnne GmbH Mehr als 30 Jahre Erfahrung bilden die Grundlage unserer Arbeit. Dabei liegt unsere St\u00e4rke auf der Vielzahl von Rohren und Profilen die wir verformen k\u00f6nnen. Unser Team arbeitet stets daran Ihre Projekte termingerecht und mit einem hohen Ma\u00df an Qualit\u00e4t umzusetzen. Ob Einzelst\u00fccke oder Serienproduktion, wir [&hellip;]<\/p>\n","protected":false},"author":1,"featured_media":0,"parent":0,"menu_order":0,"comment_status":"closed","ping_status":"closed","template":"page-templates\/homepage.php","meta":{"footnotes":""},"class_list":["post-39","page","type-page","status-publish","hentry"],"_links":{"self":[{"href":"https:\/\/biegetechnik-kuenne.de\/wp622\/wp-json\/wp\/v2\/pages\/39","targetHints":{"allow":["GET"]}}],"collection":[{"href":"https:\/\/biegetechnik-kuenne.de\/wp622\/wp-json\/wp\/v2\/pages"}],"about":[{"href":"https:\/\/biegetechnik-kuenne.de\/wp622\/wp-json\/wp\/v2\/types\/page"}],"author":[{"embeddable":true,"href":"https:\/\/biegetechnik-kuenne.de\/wp622\/wp-json\/wp\/v2\/users\/1"}],"replies":[{"embeddable":true,"href":"https:\/\/biegetechnik-kuenne.de\/wp622\/wp-json\/wp\/v2\/comments?post=39"}],"version-history":[{"count":4,"href":"https:\/\/biegetechnik-kuenne.de\/wp622\/wp-json\/wp\/v2\/pages\/39\/revisions"}],"predecessor-version":[{"id":241,"href":"https:\/\/biegetechnik-kuenne.de\/wp622\/wp-json\/wp\/v2\/pages\/39\/revisions\/241"}],"wp:attachment":[{"href":"https:\/\/biegetechnik-kuenne.de\/wp622\/wp-json\/wp\/v2\/media?parent=39"}],"curies":[{"name":"wp","href":"https:\/\/api.w.org\/{rel}","templated":true}]}}